{"id":193,"date":"2014-08-25T22:36:02","date_gmt":"2014-08-26T01:36:02","guid":{"rendered":"http:\/\/192.168.122.17\/?page_id=193"},"modified":"2019-03-15T14:31:48","modified_gmt":"2019-03-15T17:31:48","slug":"inventario","status":"publish","type":"page","link":"https:\/\/www.glaciaresargentinos.gob.ar\/?page_id=193","title":{"rendered":"Inventario"},"content":{"rendered":"<div class=\"row prk_row\"><div class=\"six columns\"><img decoding=\"async\" class=\"alignleft size-large\" src=\"https:\/\/www.glaciaresargentinos.gob.ar\/wp-content\/uploads\/imagenes\/regiones_pais_09-11-2017.jpeg\" alt=\"Inventario\" \/><\/div><div class=\"six columns prk_last\">\n<h3>Distribuci\u00f3n y caracter\u00edsticas de los glaciares argentinos<\/h3>\n<p>Los glaciares en Argentina se encuentran al oeste del pa\u00eds y se distribuyen a lo largo de aproximadamente 4.000 km en la Cordillera de los Andes. Est\u00e1n presentes en 12 provincias y 39 cuencas h\u00eddricas desde los 21\u00ba S hasta los 60,5\u00ba S.<br \/>\nEsta importante extensi\u00f3n latitudinal determina variaciones en el clima y la topograf\u00eda que originan diferentes ambientes y dan lugar a la formaci\u00f3n de glaciares con caracter\u00edsticas particulares seg\u00fan la regi\u00f3n en donde se ubican.<br \/>\n<div id=\"accordion_654\" class=\"prk_accordion\"><div class=\"header_font zero_color\">Andes Des\u00e9rticos (21\u00b0-31\u00b0 S)<\/div><div><strong>Incluye todo el Noroeste Argentino hasta el sector norte de la provincia de San Juan (cuenca del r\u00edo Jachal).<\/strong><br \/>\nEn esta regi\u00f3n, las condiciones de aridez limitan la formaci\u00f3n del hielo y nieve a peque\u00f1os parches en los picos m\u00e1s altos. Al norte de los 28\u00ba S los glaciares s\u00f3lo aparecen en volcanes aislados, muchos de los cuales alcanzan m\u00e1s de 6.000 metros de altitud, como el Monte Pissis 6.882 msnm. Los glaciares de escombros se encuentran sobre los 4.600 msnm. Las precipitaciones provienen mayormente del Oc\u00e9ano Atl\u00e1ntico.<\/div><div class=\"header_font zero_color\">Andes Centrales (31\u00b0-35\u00b0 S)<\/div><div><strong>Se extiende desde el sector sur de la provincia de San Juan (cuenca del r\u00edo San Juan) hasta la cuenca del r\u00edo Colorado en la provincia de Neuqu\u00e9n<\/strong>.<br \/>\nEn los Andes Centrales la Cordillera presenta sus alturas m\u00e1ximas, como el Aconcagua con 6.961 msnm. Las precipitaciones aumentan a unos 400 mm anuales y son mayormente de origen Pac\u00edfico. Aparecen glaciares de mayor tama\u00f1o y son muy frecuentes los glaciares cubiertos por detritos. Esta es una de las zonas con mayor densidad de glaciares de escombros del mundo. En general se encuentran por encima de los 3.000 metros del altura. <\/div><div class=\"header_font zero_color\">Andes del Norte de la Patagonia (35\u00ba-45\u00ba S)<\/div><div><strong>Se extiende desde la cuenca del r\u00edo Neuqu\u00e9n hasta las cuencas de los r\u00edos Simpson, Senguerr y Chico en la provincia de Santa Cruz.<\/strong><br \/>\nEn esta regi\u00f3n aumentan las precipitaciones (1.000-5.000 mm anuales) y disminuye la altura de la cordillera. S\u00f3lo volcanes aislados, como Lan\u00edn y Tronador, tienen altura suficiente para mantener glaciares de cr\u00e1ter. Los glaciares de escombros son menos frecuentes.<\/div><div class=\"header_font zero_color\">Andes del Sur de la Patagonia (45\u00ba-54\u00ba S)<\/div><div><strong>Incluye las cuencas del r\u00edo Deseado y los lagos Buenos Aires y Pueyrred\u00f3n, hasta las cuencas del r\u00edo Gallegos y r\u00edo Chico en la provincia de Santa Cruz.<\/strong><br \/>\nLas altas precipitaciones (5.000-10.000 mm anuales) permiten el desarrollo del Campo de Hielo Patag\u00f3nico Sur (12.100km\u00b2, de los cuales 2.662 km\u00b2 est\u00e1n en Argentina). Esta regi\u00f3n incluye varios glaciares de descarga, que desprenden t\u00e9mpanos de hielo en los grandes lagos patag\u00f3nicos, incluyendo el famoso glaciar Perito Moreno. Adem\u00e1s son muy frecuentes los glaciares de valle, campos de hielo y glaciares de monta\u00f1a.<\/div><div class=\"header_font zero_color\">Andes de Tierra del Fuego e Islas del Atl\u00e1ntico Sur (54\u00ba-60,5\u00ba S)<\/div><div><strong>Incluye cuencas varias de Tierra del Fuego, Lago Fagnano, Islas Malvinas, Islas Georgias del Sur, Islas Orcadas del Sur, Islas Sandwich del Sur y Sector Ant\u00e1rtico Argentino.<\/strong><br \/>\nEn los andes fueguinos cambia la orientaci\u00f3n de la Cordillera en sentido oeste-este y disminuye considerablemente su altura. Las precipitaciones provenientes del Pac\u00edfico disminuyen de oeste a este por lo que en esta regi\u00f3n encontraremos glaciares de peque\u00f1o tama\u00f1o, como el Martial Este (0,1 km\u00b2), retra\u00eddos a los niveles superiores de los circos.<\/div><\/div><\/div><div class=\"clearboth\"><\/div><\/div>\n","protected":false},"excerpt":{"rendered":"","protected":false},"author":1,"featured_media":896,"parent":0,"menu_order":0,"comment_status":"closed","ping_status":"closed","template":"page-theme.php","meta":{"footnotes":""},"class_list":["post-193","page","type-page","status-publish","has-post-thumbnail","hentry"],"_links":{"self":[{"href":"https:\/\/www.glaciaresargentinos.gob.ar\/index.php?rest_route=\/wp\/v2\/pages\/193","targetHints":{"allow":["GET"]}}],"collection":[{"href":"https:\/\/www.glaciaresargentinos.gob.ar\/index.php?rest_route=\/wp\/v2\/pages"}],"about":[{"href":"https:\/\/www.glaciaresargentinos.gob.ar\/index.php?rest_route=\/wp\/v2\/types\/page"}],"author":[{"embeddable":true,"href":"https:\/\/www.glaciaresargentinos.gob.ar\/index.php?rest_route=\/wp\/v2\/users\/1"}],"replies":[{"embeddable":true,"href":"https:\/\/www.glaciaresargentinos.gob.ar\/index.php?rest_route=%2Fwp%2Fv2%2Fcomments&post=193"}],"version-history":[{"count":47,"href":"https:\/\/www.glaciaresargentinos.gob.ar\/index.php?rest_route=\/wp\/v2\/pages\/193\/revisions"}],"predecessor-version":[{"id":2848,"href":"https:\/\/www.glaciaresargentinos.gob.ar\/index.php?rest_route=\/wp\/v2\/pages\/193\/revisions\/2848"}],"wp:featuredmedia":[{"embeddable":true,"href":"https:\/\/www.glaciaresargentinos.gob.ar\/index.php?rest_route=\/wp\/v2\/media\/896"}],"wp:attachment":[{"href":"https:\/\/www.glaciaresargentinos.gob.ar\/index.php?rest_route=%2Fwp%2Fv2%2Fmedia&parent=193"}],"curies":[{"name":"wp","href":"https:\/\/api.w.org\/{rel}","templated":true}]}}